 68 = 0, -4*p + 39 = -2*a - 1. What is the remainder when 81 is divided by p?
9
Let b(g) = 20*g - 5. Let j = 117 + -82. Calculate the remainder when b(7) is divided by j.
30
Suppose -d = 4*t - 110, 21 = -9*t + 10*t - 3*d. What is the remainder when 266 is divided by t?
23
Let t be (-21)/(-9) - (-2)/(-6). Suppose 0 = -20*k + 15*k + 4*b + 164, 4*b + 132 = 4*k. Calculate the remainder when k is divided by 88/10 - t/(-10).
5
Suppose -2*m + 2*o + 72 = -o, 4*m = -2*o + 112. Calculate the remainder when 50 is divided by m.
20
Let s(r) = -9*r**3 + 4*r**2 - 4*r + 2. Let i(c) = -c**3. Let f(l) = 4*i(l) - s(l). Let t be f(2). Calculate the remainder when 39 is divided by t/21*21/3.
9
Suppose 65 + 45 = -b. Let c = 193 + b. What is the remainder when c is divided by -2*(-21)/(-6)*-3*1?
20
Let d be 16/(-28)*(-14)/4. Suppose -d*f = -5*f + 33. Calculate the remainder when 20 is divided by f.
9
Suppose 95*b - 4*b = 354 + 374. Let s(f) = -38*f - 1. Let t = 3 - 4. What is the remainder when s(t) is divided by b?
5
Let g = 9 + -5. Suppose g*d - 67 = y - 2*y, 4*d - 77 = y. Calculate the remainder when 51 is divided by d.
15
Let k be ((-1)/(-2))/((-1)/22). Let p = -25 - -12. Let o = k - p. Calculate the remainder when o is divided by 2.
0
Let d be 85/3 - 2/6. Suppose 0 = 2*t - 12 - d. What is the remainder when 135/t - (-3)/12 is divided by 5?
2
Suppose 16*m - 20*m + 672 = 0. Let i = -75 + m. What is the remainder when i is divided by ((-12)/1)/((-2)/4)?
21
Suppose 2*m = 2*f + 2*f - 46, 0 = 4*m + 12. Let w(i) = -5*i + 12. Let v be w(-10). Suppose 52 + v = 3*b. What is the remainder when b is divided by f?
8
Let i(g) = -4*g**3 + g**2 - 9*g - 18. What is the remainder when i(-2) is divided by 17?
2
Let j(t) = 7*t**2 - t - 4. Let c be j(-4). Let x = 163 - c. Let q = 8 + 10. Calculate the remainder when x is divided by q.
15
Let c(r) = -13*r. Let v be c(1). What is the remainder when ((-98)/8)/((-6)/48) is divided by 26/v*(-50)/4?
23
Suppose 2*q + 57 - 61 = 0. Calculate the remainder when 30/q - (24 + -20) is divided by (-4)/18 + 65/9.
4
What is the remainder when -2*(-7)/((-28)/(-178)) is divided by 19?
13
Let h be 20/30*(-57)/(-2). Let y = h - -19. Calculate the remainder when 74 is divided by y.
36
Suppose -2 - 2 = 4*f, 4*l - 81 = f. Let u = -62 - -95. Suppose 3*r - 6*r + u = 0. Calculate the remainder when l is divided by r.
9
Let y(p) = 2*p**2 + 37*p + 31. What is the remainder when 688 is divided by y(-18)?
12
Suppose 3*j - 7 = 5*w, -2*j + 49 = 3*j + w. Suppose 3*t = 3*c + 12 + 24, 2*c - j = -t. What is the remainder when 54 is divided by t?
10
Let s(q) = -q**2 + 17*q + 30. What is the remainder when 479 is divided by s(15)?
59
Let r = 96 + -9. Let n = -26 + 41. Calculate the remainder when r is divided by n.
12
Let d(n) = -3*n**3 + 25*n**2 + 22*n + 20. Calculate the remainder when 221 is divided by d(9).
53
Let q(z) = -2*z**2 + 67*z + 67. What is the remainder when q(31) is divided by 12?
6
Suppose -5*r - 5*u + 1405 = 0, 4*r - 25*u - 1134 = -24*u. Calculate the remainder when r is divided by 12.
7
Let t(m) = m**2 - 2*m + 4. Let c be t(0). Suppose 55 = c*g + 7*g. What is the remainder when 8 is divided by g?
3
Let k = 177 - 55. What is the remainder when k is divided by 42?
38
Suppose -5*q + 91 = -9. Suppose 573 = -15*v + 1458. Calculate the remainder when v is divided by q.
19
Let s = 22 + -40. Suppose -9*y = y - 590. Let g = y + s. Calculate the remainder when g is divided by 21.
20
Calculate the remainder when 133 + 27*1/(-3) is divided by 6.
4
Let r be 104/18 - (-8)/36. Suppose r*w + 34 = 166. Calculate the remainder when w is divided by 5.
2
Let n = 932 + -434. What is the remainder when n is divided by 10?
8
Let s(r) = r**3 + 11*r**2 + 22*r + 77. What is the remainder when s(-7) is divided by 43?
33
Let q(b) = -16*b + 134. What is the remainder when 174 is divided by q(7)?
20
Let b = -148 - -149. What is the remainder when 94 is divided by 4/b + (3 - -26)?
28
Suppose -63 - 2 = -5*t. Suppose 21 = 4*b + i, 5*b + i - 39 = 4*i. Suppose 0 = -b*v + 50 + 178. What is the remainder when v is divided by t?
12
Let c = 16 - 16. Suppose 0 = -3*b + u + 4, 2*b = -c*u + 3*u + 5. Let y(o) = o - 6. What is the remainder when y(7) is divided by b?
0
What is the remainder when (7 + 3 - 21) + 110 is divided by 52?
47
Suppose -4*v + 8*v - 32 = 0. Let k be (-58)/(-7) - -4*(-4)/56. Suppose 0 = 2*x - k - 2. Calculate the remainder when v is divided by x.
3
Suppose -h + j = -49, -3*h + h + 104 = -5*j. Let b = -188 - -207. What is the remainder when h is divided by b?
9
Let u(v) = v**3 + 9*v**2 - 8*v + 7. Let a be u(-10). Let b = a - -19. Calculate the remainder when 45 is divided by b.
3
Let c be 1060/(-8)*((-28)/(-5))/(-7). Suppose -9*g + c = -8*g. Calculate the remainder when g is divided by 36.
34
Suppose 0 = 3*y + y - 376. Let k be 4/(-18) + (518/(-18) - 1). What is the remainder when 3 is divided by y/30 + 4/k?
0
Suppose -2*j + 2*m + 1086 = 0, 8 = -3*m + 20. What is the remainder when j is divided by 11?
8
Suppose -3*t + 3 = -3*y, 2*y - 6 = -2*t - 0*t. Let j(m) = 5*m**3 - 2*m**2 + m. Let v(f) = -2*f**3 + f**2. What is the remainder when j(y) is divided by v(-1)?
1
Suppose 0 = n - 2*h - 84, -n - 4 = 2*h - 72. Calculate the remainder when 454 is divided by n.
74
Let c = 148 - -59. What is the remainder when c is divided by 53?
48
Let p(d) = d**3 - 10*d**2 - 5*d + 12. Let k be p(8). Suppose 0*n + 20 = -5*n. What is the remainder when 86 is divided by n/14 - k/7?
20
Let d = 560 + -534. What is the remainder when 594 is divided by d?
22
Suppose -25*t = -20*t + 2*p - 243, -t - p = -51. What is the remainder when 935 is divided by t?
42
Let b(g) = -g**3 - 15*g**2 - 2*g - 1. Let p = 8 - 5. Suppose 5*k + 2*j = 50, 2*k = 7*k + p*j - 50. Calculate the remainder when b(-15) is divided by k.
9
Let w(m) = 9*m - 16. Let n = 149 + -54. Suppose 8*g - 3*g - n = 0. What is the remainder when w(8) is divided by g?
18
Let h(v) = v**2 - 2*v - 2. Let x be h(-1). Let n be 2/x*(2 - -2). Let j = n - 4. Calculate the remainder when 7 is divided by j.
3
Let j(f) = 5 - 2 - 26*f + 8 - 8. What is the remainder when j(-3) is divided by 12?
9
Suppose 5*r = -0*d + 4*d + 15, 2*r - 2*d = 6. Let s be 58/(r + -5)*-1. Let y = s - 16. What is the remainder when y is divided by 8?
5
Let h(w) = 8*w - 13. Suppose -5*u - 37 = -57. What is the remainder when h(3) is divided by u?
3
Suppose -11*b = -b - 120. What is the remainder when (2/(4/66))/1 is divided by b?
9
Suppose k + 2*p - 150 = 4*p, 0 = 5*p. Suppose -r - 4*r = -15, -5*h + k = 5*r. Calculate the remainder when h is divided by 15.
12
Let k(g) = -g**2 - 11*g + 45. Let z be k(-14). Suppose -2*b - 27 = -s + b, 2*b = z*s - 46. Calculate the remainder when 45 is divided by s.
9
Suppose 0 = 31*q - 1049 + 119. What is the remainder when 269 is divided by q?
29
Let x(g) = -11*g + 1. Let k be x(2). Suppose -o - 3*d = 3*o - 217, 0 = -4*d - 20. Let w = o + k. Calculate the remainder when w is divided by 20.
17
Suppose -3*v + 14 + 2 = -2*r, -3*r + 2 = 2*v. Let a(x) = -3*x + 2. What is the remainder when a(-6) is divided by ((-7)/(-4))/(5/v + -1)?
6
Suppose w - 3*w - 18 = 0. What is the remainder when 115 is divided by 2/(-3) - -2*(-138)/w?
25
Suppose 0 = -10*l + 7*l + 6. Let z be (1/(-2))/((-1)/12). Suppose l*c = -h + 3, 3*h - h - c - z = 0. Calculate the remainder when 10 is divided by h.
1
Let q = -3417 - -5094. Calculate the remainder when q is divided by 60.
57
Let p = 525 + -422. What is the remainder when 202 is divided by p?
99
What is the remainder when 4/4*-1 - -12 is divided by 11?
0
Let k(a) = 5*a**2 - 2*a - 14. Calculate the remainder when k(-3) is divided by 13.
11
Let h = -2 + 43. Let y = -33 - -48. Calculate the remainder when h is divided by y.
11
Let x(f) = -5*f - 40. Let c be x(-10). Suppose -c + 40 = 6*n. Calculate the remainder when 14 is divided by n.
4
Suppose -3*z + 2*z - 20 = 0. Let d = 30 + z. What is the remainder when (-1 - 1)*(12 + 328/(-16)) is divided by d?
7
Calculate the remainder when 2/4*(236 - (-2 + 16)) is divided by 31.
18
Suppose -5*a + 74 = -86. Let f = 6 + a. Calculate the remainder when f is divided by 10.
8
Suppose -5*w - 208 = 152. Let k = -20 - w. Calculate the remainder when k is divided by 11.
8
Let o = -34 - -33. Let k(p) 